s(i) = -i**2 + i - 3 + 0*i**2 - 7*i. Determine s(u).
5
Let j(y) = -y**2 - 8*y + 8. Suppose 33 = 5*a - 7. Suppose -5*m - a = 32. Give j(m).
8
Suppose 8*y - 257 = -281. Let k(p) be the third derivative of -p**4/8 + p**3/6 - 3*p**2. Calculate k(y).
10
Let w(x) be the first derivative of -3*x**2 + 4*x + 4 + 1/4*x**4 - 4/3*x**3. What is w(5)?
-1
Let c(k) = -13*k**2 + 7*k + 14. Let l(u) = 11*u**2 - 6*u - 12. Let v(x) = 5*c(x) + 6*l(x). What is v(3)?
4
Let o be ((-27)/6)/9*-6. Let d(x) = -x**o - 4*x**2 - x - 4*x**2 + x**2 - 12 + 8*x**2. Determine d(0).
-12
Let r(x) = 4*x - 13. Let f(l) = l - 2. Let g(u) = -3*f(u) + r(u). Let v = 9 + -5. Calculate g(v).
-3
Let h(n) be the second derivative of n**5/20 + 5*n**4/6 + 5*n**3/3 + 5*n**2/2 - 3*n - 102. Determine h(-9).
-4
Let s be 1 - 8/((-2)/2). Suppose 0 = 2*g + h + s, 16 + 4 = -4*h. Let t(n) be the second derivative of 2*n**3/3 + n. Calculate t(g).
-8
Suppose -n + 4 = 2*w, -6 = -2*w - 2. Let c(a) be the second derivative of -2*a**2 - 6*a + 0 - 1/6*a**3. Give c(n).
-4
Suppose 263*g = 256*g + 49. Let a(r) = r**3 - 6*r**2 - 10*r. Determine a(g).
-21
Let y(t) be the third derivative of -t**4/8 - 13*t**3/3 + 11*t**2. Let h be y(-17). Let w = 21 - h. Let l(g) = -g**2 - 3*g - 2. Give l(w).
-6
Let c be (-95)/38*(-1 + -1). Let a(r) = r**2 + 0 + 0*r - 8*r + c + 0*r. What is a(8)?
5
Let z(p) = -1. Let s(y) = -y - 5. Let w = 26 + -22. Let o(k) = w*z(k) - s(k). Determine o(-1).
0
Let v(n) be the first derivative of 0*n**2 + 1/3*n**3 - n + 5. Determine v(-1).
0
Let s(y) = y**2 - 14*y + 8. Let p(f) = -f**2 + 13*f - 8. Let i(d) = -6*p(d) - 5*s(d). Let h be (5 - -3) + (-1 - 0). What is i(h)?
1
Let l(t) = -9*t - 2 + 2*t - 5. Let y(r) be the first derivative of 5*r**2 + 10*r - 11. Let a(c) = -7*l(c) - 5*y(c). What is a(0)?
-1
Let d(n) = n. Suppose 4*l = 4*g - 8, -11 - 13 = -3*l - 3*g. Suppose 5*u - 35 = -5*a, l*u + a - 19 = -u. Give d(u).
4
Let t(o) be the first derivative of o**3/3 - o - 1. Let i(r) = -39*r**3 - 2*r**2 + 2*r + 3. Let y be i(-1). Suppose 42*x - y*x = -4. Calculate t(x).
0
Let n(g) = g**3 - 18*g**2 - 20*g + 16. Let i be n(19). Let c(p) = 3*p + 1. Determine c(i).
-8
Let f(i) = -i**3 + 11*i**2 - i + 15. Let w be f(11). Let u(z) = -3 + 12*z - z**2 - w*z - z + 11. What is u(8)?
0
Suppose 0 + 2 = g. Let k(d) = -4 - g + 2*d - 4 + 3. Determine k(6).
5
Let o(b) = b**3 - 9*b**2 + 9*b - 1. Suppose 58 = 14*j - 54. Calculate o(j).
7
Let h(u) be the third derivative of -5*u**4/12 - 31*u**2. Determine h(3).
-30
Let j(n) = -n. Let c(m) = -m**2 + 28*m - 26. Let u be c(27). Determine j(u).
-1
Suppose -3*s + 35 = -5*n - 14, 4*s + 19 = -n. Let x(f) = -f - 16. Calculate x(n).
-5
Let j(z) = 11*z + 12. Let s(x) be the third derivative of -x**4/6 - 2*x**3/3 - 6*x**2. Let i(u) = 3*j(u) + 8*s(u). Suppose -h = 2*h + 9. Calculate i(h).
1
Let g(d) = 6*d**3 + 5*d**2 + 2*d - 5. Let b(k) be the first derivative of 7*k**4/4 + 4*k**3/3 + k**2/2 - 5*k + 27. Let r(c) = -5*b(c) + 6*g(c). Determine r(-9).
13
Suppose 0 = 2*z, s = -6*z + z + 5. Let a(w) = -6*w + 11*w - 6 - 6*w + w**2. What is a(s)?
14
Let u(j) be the second derivative of -j**4/24 + j**3/6 + 9*j**2 - 4*j. Let k(a) be the first derivative of u(a). What is k(-7)?
8
Let c be -23 - 0 - (3 + -2). Let i = 27 + c. Let f(n) = n**2 - 5*n. Determine f(i).
-6
Let q(r) = -5*r - 27. Let d(t) = t + 6. Let b(n) = -9*d(n) - 2*q(n). What is b(-5)?
-5
Suppose 36 = 2*z - 18. Let h(g) = 2*g - 6 + z - 14. Let p be h(-7). Let w(j) = j**3 + 6*j**2 - 9*j - 6. Determine w(p).
8
Let v(i) = i**3 + 5*i**2 - 3*i + 5. Let t be v(-5). Let z be 9/2*t/3. Suppose 0*b - 2*b = 4*q + z, 0 = 4*b + 3*q + 35. Let j(h) = -h**2 - 7*h - 2. What is j(b)?
8
Let k(v) = v**2 - 6*v - 4. Suppose -3*f = -0*f + 12. Let p = f + 10. What is k(p)?
-4
Suppose 2*d - 7 = b, 4*b = 9 + 3. Let v(f) = 7*f**2 + 5*f - 8. Let r(g) = 11*g**2 + 4*g - 9. Let z(x) = -2*r(x) + 3*v(x). Determine z(d).
4
Suppose 0 = 5*v + 5*q + 3 - 28, -4*v + 15 = 3*q. Let a(t) = t**3 + t**2 - t - 27. Determine a(v).
-27
Let y(c) = -5*c**2 + 5*c**2 + 9*c - 4*c**2 + 3*c**2. Let z be y(9). Let m(i) = -i - 1. What is m(z)?
-1
Let k(y) = 115*y - 17. Let t(w) = 14*w - 2. Let u(j) = k(j) - 8*t(j). Let r be (-4)/(-10) + (-16)/(-10). What is u(r)?
5
Suppose 8*m - 3*m - 3*p - 5 = 0, 4*m = 4*p + 4. Let f be -3 - -11 - -1 - m. Let s(o) = -13*o**2 - 7*o**2 + 21*o**2 + f - 8*o. Determine s(6).
-4
Let h = -412 + 417. Let l(x) = x**2 - 12*x + 5. Determine l(h).
-30
Let j(z) = -z - 14. Let x(n) = 3*n + 16. Let w(l) = 3*j(l) + 2*x(l). Determine w(-4).
-22
Let i(z) = -z**2 - 14*z - 12. Let r be i(-13). Let f(v) = -4*v**2 + v - 2. Let k be f(r). Let x(c) = c + 9. Calculate x(k).
4
Let w = -18 - -24. Let o(h) = -4*h**2 - 8*h + 9 - h**2 - 2 + h**3. Calculate o(w).
-5
Let v(r) = 4*r - 5. Let g(y) be the second derivative of -7*y**3/6 + 9*y**2/2 + y. Let p(d) = 6*g(d) + 11*v(d). Let f be (-17)/5 - 42/(-30). Calculate p(f).
-5
Let q(a) = 1 + 2 + 6*a**2 + 1 - 3 - a**3 + 6. Give q(6).
7
Let y be 1/(-3)*(-22 - -1). Let u be (-70)/(-15)*(-3)/(-2). Let r = u - y. Let s(n) = -n**3 - n**2 - n - 13. What is s(r)?
-13
Let m(l) = -6*l**3 + 2. Let s = 181 + -183. Calculate m(s).
50
Let a(p) be the first derivative of 7/3*p**3 - 1/4*p**4 - 7/2*p**2 - 2*p - 7. Suppose 15*z = 2*z + 65. Determine a(z).
13
Let y(v) = -2*v + 6. Suppose 4*l - 10 = -2*c, 3*l - 2*c = -8 - 2. Suppose 0*h + 6*h = l. Let q be 4/(1*(h - -1)). Give y(q).
-2
Let h(g) = 3*g - 4. Let b(p) = -2*p**2 - 11*p - 2. Let x be b(-5). Suppose 0 = -m + x - 6. Calculate h(m).
-13
Let c(y) = -y - 1. Let d = 18 + -18. Suppose 4*m - 16 = -d*m. Suppose 0*j - j = -m. What is c(j)?
-5
Let n(a) = a - 1. Let o = 3 + 1. Suppose -o*d = 4*q, -3*d = -5*q + 12 + 12. Determine n(d).
-4
Let r = 1929 - 1930. Let q(p) = 3*p**3 + p**2 - 3*p - 4. Give q(r).
-3
Let n(l) = l**3 + 8*l**2 + 10*l + 9. Let b(j) = -11*j**2 - 2*j + 3. Let t be b(-1). Determine n(t).
21
Let l(s) = -s**3 - 5*s**2 - 4*s - 6. Let p(y) = -2*y**2 + 8*y - 4. Let g be p(2). Let t be g/(-3)*(32 - 29). Determine l(t).
-6
Suppose -2*g = 3*r + 2, 23*g + 3*r - 5 = 28*g. Let y(o) = -12*o - 3. Let b(t) = t - 1. Let d(p) = 2*b(p) - y(p). Determine d(g).
-13
Let g(c) = 4*c**2 - 25*c + 25. Let f(i) = -i**2 + 3*i - 1. Let l(p) = -5*f(p) - g(p). Determine l(-11).
-9
Let p(o) = -2*o**2 + 10*o - 6. Suppose -42 = 111*r - 118*r. Calculate p(r).
-18
Let w(o) = -13*o**3 + 12*o**2 + 11*o - 3. Let k(j) = 6*j**3 - 5*j**2 - 5*j + 1. Let p(h) = -7*k(h) - 3*w(h). Give p(-1).
2
Let m(i) = i**3 - i**2 - i + 36. Let j be (-4)/(-22) + (-60)/330. What is m(j)?
36
Let k(u) = 2*u**3 - u**2 + 1. Let s(n) = 7*n**3 - 11*n**2 + 9*n - 7. Let h(t) = 3*k(t) - s(t). Calculate h(7).
-4
Let a(v) be the second derivative of -v**4/24 + 7*v**3/6 + 23*v**2 + 29*v. Let z(j) be the first derivative of a(j). Give z(7).
0
Let m(f) = -f**2 + 2*f + 3. Let j(h) = 6*h + 218. Let w be j(-37). Determine m(w).
-21
Let b(l) = -6*l + 83. Let d be b(15). Let c(i) = -i**3 - 7*i**2 + 3*i + 9. Give c(d).
-12
Suppose 4*x + b + 4*b - 15 = 0, x + 3*b - 2 = 0. Suppose x*r - 7 = 3. Let i(z) = 2*z**2 - z - 2. What is i(r)?
4
Let v(t) = 2*t - 14. Let o be ((-6)/(-6) - 1)/1. Determine v(o).
-14
Let v(s) = -s**3 - 10*s**2 - 12*s - 10. Suppose 17 = -3*g + 2*k, 4*g - 3*k - k = -16. What is v(g)?
17
Let d(p) = p**3 + p + 1. Let m(i) = -7*i**3 - 7*i**2 - 7*i - 2. Let a(o) = 6*d(o) + m(o). Give a(-6).
-26
Suppose 18 = 3*a + j + 8, -4*a + 14 = 2*j. Let z(q) = q + 3. Determine z(a).
6
Let k(r) = -3*r**2 + 9*r + 13. Let f(h) = -11*h**2 + 26*h + 40. Let n(p) = -2*f(p) + 7*k(p). Determine n(-8).
-13
Let r(g) = g**3 + g**2 + 4*g + 3. Let z = -7 + 10. Suppose -4*w - 18 = -2*v, 0*v - w = 2*v - z. Suppose -14 = 5*o + 2*p, -5*o + v*p - 1 = 3. Give r(o).
-9
Let s(b) = b**2 + 7*b - 6. Let l(h) = -5*h**2 - 29*h + 25. Let r(t) = 2*l(t) + 9*s(t). Suppose 3*m - 12*o + 7*o - 18 = 0, -m - 5*o = -6. Calculate r(m).
-10
Let z(v) = v**2 + 7*v + 13. Let b = -224 - -218. Calculate z(b).
7
Let l be (-12)/(-4) - (0 + 7). Let f(g) = g**2 + 4*g + 7. Let r be f(l). Let b(m) = -m + 5. Calculate b(r).
-2
Let f(s) = -s**2 + 6*s - 4. Suppose 43*j - q - 12 = 41*j, j = -q + 6. Calculate f(j).
-4
Let s(f) = -f**3 - 7*f**2 - 6*f + 3. Let d be (6/(-3) - -11)*-1. Let u be (60/5)/(d/(-6)). Let r be (-4)/